-17. Calculate the remainder when 53 is divided by d.
17
Let f(d) = -d**2 - 21*d - 9. Let s be f(-21). Let n = s + 21. Suppose m + 0*l - 38 = -2*l, 4*m - 188 = 4*l. Calculate the remainder when m is divided by n.
8
Let k(b) = 4*b**3 - 12*b**2 - 7*b - 1. What is the remainder when k(5) is divided by 21?
17
Let o = -1308 - -1327. Let r be 4 - 0/(1 - -1). Suppose -r*m + 0*m = -28. What is the remainder when o is divided by m?
5
Let g be -3*-47*(-6)/(-18). Suppose 0*v + p - 24 = -4*v, 4*v - p - 24 = 0. Suppose v*x = 7*x - g. What is the remainder when x is divided by 12?
11
Let d be (-2581)/9 - 14/63. Let q be d/(-4) + (-12)/16. Suppose -5*j - q = -266. Calculate the remainder when j is divided by 14.
11
Suppose 5*o + 4*n = 141, -29 = -o - n - 0*n. Let t = -839 - -937. Calculate the remainder when t is divided by o.
23
Suppose -23*d + 120 - 28 = 0. Let u(g) = g - 1. What is the remainder when u(6) is divided by d?
1
Let z = 380 - -165. What is the remainder when z is divided by 55?
50
Suppose -11*c - 325 = -16*c. Let o(p) = 12*p**2 - p. What is the remainder when c is divided by o(1)?
10
Let s be 12/(-66) - 2646/(-33). Let h = -13 + s. What is the remainder when h is divided by 14?
11
Suppose 6*g - 15 = 9. Suppose -5*n + 63 + 207 = 5*d, -g*d + 214 = 5*n. Calculate the remainder when 108 is divided by d.
52
Let l = 1756 - 1671. Calculate the remainder when 321 is divided by l.
66
Let c be 12/(-8) - (-5)/(10/63). Let r = 41 - c. Let g(k) = -2*k**3 + 2*k**2 + 4*k + 3. What is the remainder when g(-2) is divided by r?
8
Let l(d) be the second derivative of d**4/4 - d**3/3 + d**2/2 + 12*d. What is the remainder when 86 is divided by l(3)?
20
Suppose -12*m = -10*m - 136. Let s = m - 49. Calculate the remainder when (-147)/(-2) - (-2)/(-4) is divided by s.
16
Calculate the remainder when ((-240)/14)/(4/112*-4) is divided by 11.
10
Suppose 24 = 4*k - 4*p, -3*k - p + 2 + 28 = 0. Calculate the remainder when 112 is divided by k.
4
Let n = -47 + 116. Let i = n + 8. Let s = i + -14. Calculate the remainder when s is divided by 22.
19
Let k = 21 - 18. Suppose k*x + 4*x = 938. What is the remainder when x is divided by 9?
8
Let k(l) = 4*l**2 + 33*l - 35. Calculate the remainder when 600 is divided by k(-11).
84
Suppose -1434 = -4*a + t + 414, -t = -5*a + 2311. What is the remainder when a is divided by 117?
112
Suppose -3*n = -z - 48, n = -z - 4*z + 32. Suppose -1267 + 306 = -5*g - r, g - 5*r - 213 = 0. What is the remainder when (-1)/4 + g/4 is divided by n?
14
Let q = 1 + 0. Let z be (-6)/9*-6 + 0. Suppose 5*w - 5*p + 0 - 20 = 0, -2*w = 2*p + z. What is the remainder when q is divided by w?
0
Let y(h) = 4*h**3 - 32*h**2 + 10*h - 4. Calculate the remainder when 1215 is divided by y(8).
75
Let b(r) = r**2 - 19*r. Calculate the remainder when 218 is divided by b(20).
18
Suppose f + 3*v - 61 = 0, 0 = -5*f + 2*v + 216 + 89. What is the remainder when 175 is divided by f?
53
Suppose 15*v - 11327 = -812. What is the remainder when v is divided by 37?
35
Let p(x) = 0*x**2 + 2*x**2 + 77 + 2*x - 80. Suppose 3*u - d - 89 = 0, d - 78 = -3*u + 13. What is the remainder when p(5) is divided by u?
27
Let n = -23 + 32. Suppose 6*u - 3*u = -3. Let b = 3 + u. What is the remainder when n is divided by b?
1
Let v = -303 - -309. Let g(z) = z**3 + z**2 + 2*z + 1. What is the remainder when g(2) is divided by v?
5
Let o(w) = -w**3 + 7*w**2 + 10*w - 51. What is the remainder when 718 is divided by o(7)?
15
Suppose -33*o = 2*x - 30*o - 130, -2*x = o - 122. Calculate the remainder when 106 is divided by x.
47
Let q = 41 + -8. Let n = -11300 - -11318. Calculate the remainder when q is divided by n.
15
Suppose -3*u + 6 = 3*g, u = -5*g - 3*u + 13. Calculate the remainder when ((-2)/4)/((-18)/36) + 23 is divided by g.
4
Suppose -4*r - 4*y = -11 - 53, 4*y = 5*r - 125. Suppose -6*z - z + 84 = 0. Calculate the remainder when r is divided by z.
9
Suppose 4*a + 4*p = 120, -5*p + 100 = 3*a - 4*p. What is the remainder when a is divided by 13?
9
Let t be 16 + 1 - (19 + -17). Suppose 2*x - t = 9. What is the remainder when 47 is divided by x?
11
Let i(a) = -58*a + 3. What is the remainder when 44 is divided by i(0)?
2
Let m(g) = -103*g - 13. Calculate the remainder when 354 is divided by m(-1).
84
Let i = -13 - -100. Calculate the remainder when 518 is divided by i.
83
Let f = 23 + -27. Let b(i) = -i + 8. What is the remainder when ((-24)/(-9))/(2/24) is divided by b(f)?
8
Let v(j) = -11*j - 6. Let k be v(-1). Suppose -k*b + m + 57 = -2*m, -2*b + 23 = -m. Calculate the remainder when b is divided by 4.
0
Suppose 2*v + 4*n - 10 = 4, -5*v = -5*n - 95. Calculate the remainder when 104 is divided by v.
14
Let p(z) = 109*z**3 + 2*z**2 - 1. Let g be p(1). Let a be (9/(-5))/((-33)/g). Calculate the remainder when 28 is divided by 208/20 + a/(-15).
8
Let w(o) = 4*o**3 - 33*o**2 - 15*o - 5. What is the remainder when w(9) is divided by 16?
7
Suppose 8*z - 11*z - 4*x = -175, -3*z + 3*x + 147 = 0. Let b(o) = 2*o - 20. What is the remainder when z is divided by b(13)?
5
What is the remainder when 204 is divided by (23/(-3))/(0 + 1/(-3))?
20
Suppose -4 = j - l - 10, 4*j = 3*l + 20. Let k(h) = -h**2 - 9*h - 6. Let y be k(-8). What is the remainder when 24 is divided by (j + (20 - 4))/y?
6
Suppose 152 + 354 = 5*v + 3*f, -4*v + 4*f + 424 = 0. What is the remainder when 376 is divided by v?
67
Calculate the remainder when (61*-2)/(4*(-10)/20) is divided by 9.
7
Let v(l) = -l**3 + 9*l**2 + 8*l + 5. Let h be v(10). Let c(g) = g**2 + 15*g + 24. What is the remainder when 117 is divided by c(h)?
21
Let n = 1202 + -1156. What is the remainder when 143 is divided by n?
5
Let x(g) = -43*g + 2. Let s be x(4). Let k be s/(-10)*(2 + -1). Suppose h - 16 = k. Calculate the remainder when h is divided by 12.
9
Suppose -f + 5 = -2*t, -f = -0*t + 2*t + 11. Let k = 3 - 1. What is the remainder when t/(-8) + 55/k is divided by 10?
8
Let o = -67 + 35. Let l = 54 + o. What is the remainder when 63 is divided by l?
19
Suppose -580 = -2*t - 560. What is the remainder when 5*4*69/30 is divided by t?
6
Let t = -1298 + 1324. Calculate the remainder when 87 is divided by t.
9
Let y(r) = -4*r - 1. Let q be (-772)/(-14) + (-8)/56. Let i = 64 - q. Calculate the remainder when i is divided by y(-1).
0
Let f be ((-4)/6)/(19/(-57)). Suppose 3*r = -2*a + 99, f*a - r = 4*a - 89. Calculate the remainder when a is divided by 9.
6
Let b = 623 + -391. Calculate the remainder when b is divided by 39.
37
Let w(s) = s**3 + s**2 + s + 28. Let c(d) = d**2 - 86*d + 1881. What is the remainder when c(50) is divided by w(0)?
25
Suppose 5*g - 2395 - 1742 = -2*j, g = 5. Calculate the remainder when j is divided by 29.
26
What is the remainder when 20 is divided by 2/3 + 228/36?
6
Let s(p) be the first derivative of -p**4/4 - 3*p**3 + 2*p**2 - 16*p + 4. Calculate the remainder when s(-10) is divided by 24.
20
Suppose -b = -3*b + y + 15, 4*y - 5 = -5*b. Let z be ((-120)/(2 + -6))/((-3)/10). Let a = z - -107. Calculate the remainder when a is divided by b.
2
Let p = -4 + 6. Let a be -3 + (-6)/15 - 6/(-15). Calculate the remainder when 11 + -2 + (a - -1) is divided by p.
1
Let f = 1 + 0. Suppose f - 3 = -p. Let c(y) = -2*y**3 - 12*y**2 + 12*y - 8. Calculate the remainder when c(-7) is divided by p.
0
Suppose 0 = -8*g + 244 - 92. Let u(n) be the second derivative of 47*n**3/3 - n**2/2 + 2*n. Calculate the remainder when u(1) is divided by g.
17
Suppose -2*l = 5*h - 217, -4*l = -25*h + 30*h - 409. What is the remainder when l is divided by 17?
11
Calculate the remainder when ((-287)/(-21))/(3/9) is divided by 9.
5
Let b = 24 + -22. Calculate the remainder when (b/(-6))/(3*3/(-729)) is divided by 17.
10
Let p be (-2)/(-10) + (-171)/(-45). Suppose b - p*b = -3. Calculate the remainder when 33 is divided by b/((-1)/(-12)) + -3.
6
Suppose -4*s - 2*z = -3*s - 1, 2*s = -z + 14. Calculate the remainder when (0 - (-2 + 3))*-17 is divided by s.
8
Let y be -2 - ((0 - -3) + -89). Suppose 4*m = -3*m + y. Calculate the remainder when 408/9 - 1/3 is divided by m.
9
Suppose b - 3 + 85 = 4*x, -3*x + 50 = 5*b. Let d(o) = -o**3 - 7*o**2 + 3*o - 2. Suppose s + 9 = 1. What is the remainder when d(s) is divided by x?
18
Suppose -3*g - 6 = -3. Let u be -1*(-3 - (-10 - g)). What is